 (4 - 69)/(-5) + -1 + -2 is divided by b?
1
Let j = -227 + 258. Calculate the remainder when 36 is divided by j.
5
Suppose -p = 3*p - 3*h - 8, 5*h = 0. Suppose j + 48 = 3*m - 2*j, -4*m = p*j - 34. What is the remainder when 52 is divided by m?
8
Suppose 2*a - 28 = -2*h, 5*h - 28 = 19*a - 21*a. Suppose 3*g + 2*g - 335 = 0. What is the remainder when g is divided by a?
11
Let q = 6 + -1. Let l(g) be the first derivative of -g**4/4 - g**3/3 + g**2/2 + 2*g + 2. Calculate the remainder when q is divided by l(-2).
1
Suppose 0*z + 189 = 3*z - 3*v, -5*v - 183 = -3*z. What is the remainder when 174 is divided by z?
42
Suppose z + b - 11 = -0*b, -3*z = -b - 17. What is the remainder when (28/6)/(-2 - z/(-3)) is divided by 3?
2
Let h = 178 - -164. Calculate the remainder when (h/(-12))/((-2)/4) is divided by 29.
28
Let w(m) = -2*m**2 + 16*m - 9. Let r = -22 - -31. What is the remainder when r is divided by w(7)?
4
Let n be -1 + (94 - 0) - 3. Suppose -n = 5*z - 10*z. What is the remainder when z is divided by (2/(-2))/(1/(-10))?
8
Let p = 2711 + -2683. Calculate the remainder when 388 is divided by p.
24
Suppose 0 = 2*g - 7*s + 3*s - 30, -g + 3*s = -20. What is the remainder when 36 is divided by g?
1
Suppose 0 = -8*u + 67 + 165. What is the remainder when u is divided by 6?
5
Let s(m) = -15*m + 211. Calculate the remainder when 223 is divided by s(11).
39
Let d = -38 + 39. Let o(c) be the third derivative of 7*c**5/60 - c**4/12 + c**3/6 + 2*c**2. What is the remainder when 20 is divided by o(d)?
2
Suppose 2*n + 3*c = 4*c + 232, 4*c - 8 = 0. Let b = n - 11. Suppose q - 3*q = -b. What is the remainder when q is divided by 14?
11
Let t(s) = 15*s - 261. Calculate the remainder when t(26) is divided by 47.
35
What is the remainder when (471/12 - 10)/((-3)/(-12)) is divided by 40?
37
Let t(y) be the third derivative of 19*y**4/24 + y**3/6 + 2*y**2. Suppose -5*a + 353 = 283. What is the remainder when t(2) is divided by a?
11
Let i(r) = r + 6. Let d be i(24). Let y = 21 + d. Calculate the remainder when y is divided by 18.
15
Let c(m) = m**3 - 8*m**2 - m + 12. What is the remainder when 11/44 + 71/4 is divided by c(8)?
2
Let r(d) = -d**3 - 4*d**2 + 10*d + 4. Let w = 8 - 2. Let b = w - -3. What is the remainder when r(-6) is divided by b?
7
Let c = 13 - 23. Let q(b) = 3*b + 13. Let u be q(-6). Calculate the remainder when 77 is divided by u*(-2)/c*-26.
25
Let x = 3 + -4. Let z(l) = l + 5. Let w be z(3). Let m = w + x. Calculate the remainder when 25 is divided by m.
4
Let d(c) = c**2 - 2*c - 2. Let l be d(4). Calculate the remainder when 26 is divided by -2*58/(-12) - (-2)/l.
6
Let w be (-4)/26 - 134/(-26). Let g be (6/15)/(1/w). Suppose -g*l - 3*t + 18 = t, -4*l + 36 = -3*t. What is the remainder when l is divided by 4?
1
Suppose b = 3*r + 96, -5*b - r + 0*r = -480. Suppose -m - 3*q + b = 2*m, 0 = 4*q - 4. Calculate the remainder when m is divided by 10.
1
Let y = -139 + 206. Calculate the remainder when y is divided by 32 - (-2 - 0 - 1).
32
Let q(g) = -5*g**2 - 16*g + 19. Let n(j) = -6*j**2 - 17*j + 20. Let t(l) = 4*n(l) - 5*q(l). Calculate the remainder when 36 is divided by t(-14).
10
Let h be 17 - (-3 - 1 - -8). Calculate the remainder when h/(-52) - 746/(-8) is divided by 16.
13
Let h(u) = u**3 + 6*u**2 - 23*u - 2. Calculate the remainder when h(4) is divided by 25.
16
Suppose l + 3*h - 48 = 0, -2*h + 124 = 3*l + 2*h. Calculate the remainder when l is divided by 19.
17
Suppose -3*c + 2*c + 23 = 0. Suppose 5*n - n - 12 = 0. Calculate the remainder when -1*(-86)/(6/n) is divided by c.
20
Let y = 474 + -420. What is the remainder when 426 is divided by y?
48
Suppose 0 = 4*b + 5*t + 52 - 164, -3*t = 0. Suppose -35 = 2*v - 4*d - 9, 0 = -5*v + d - 47. Let c = v + b. Calculate the remainder when c is divided by 12.
7
Let p be ((-2)/3)/((-12)/(-864)). Let x = -36 - p. Calculate the remainder when 22 is divided by x.
10
Suppose 16*o - 50661 + 3333 = 0. What is the remainder when o is divided by 40?
38
Let s = -20 + 26. Calculate the remainder when 32/s + 6/9 is divided by 3.
0
What is the remainder when 153 is divided by (4 - (-226)/12) + (-6)/(-36)?
15
Suppose -3*j - 2*h = -27, 3*j - 13 = 4*h - 4. Calculate the remainder when j is divided by 42/(-4)*(-220)/385 - (0 - -1).
2
Let t = 7 - 3. Suppose -t*q - 86 = -2*p, -4*p - q + 3 = -151. Suppose 2*b + 14 = u, u + 12 = 2*u - b. Calculate the remainder when p is divided by u.
9
Let u(w) = -w**2 - 17*w - 15. What is the remainder when u(-7) is divided by 12?
7
Let w(b) = 152*b - 929. Let m = 35 + -12. Calculate the remainder when w(7) is divided by m.
20
Let q = 17 - 10. Suppose q*u = 2*u + 85. Suppose 19*x + 550 = 30*x. What is the remainder when x is divided by u?
16
Let y be -4*3/(-12) - -1. Let h = 9 - y. Let l = 3 + h. Calculate the remainder when 27 is divided by l.
7
What is the remainder when 157 is divided by (-147)/105 - 122/(-5)?
19
Let o(m) = -m**3 - 2*m**2 + 4*m + 7. Calculate the remainder when 153 is divided by o(0).
6
Suppose -28 = 2*t - 38. Let s be 3/6*6 + 0. Suppose -t*n + 2*d = -80, n = -n - s*d + 51. What is the remainder when 33 is divided by n?
15
Suppose 5*a + 107 = 2*m, m - 59 = -3*a + 22. Let d = 120 - 5. Suppose 3*p + 2*p - d = 0. Calculate the remainder when m is divided by p.
20
Suppose -2 = 3*y - 17. Suppose -39 = y*x - 239. Suppose -x = -7*k + 3*k. Calculate the remainder when 39 is divided by k.
9
Let x(n) = -4*n**2 - 13*n + 8. Let k(r) = 3*r**2 + 12*r - 9. Let a(s) = -3*k(s) - 2*x(s). What is the remainder when a(-10) is divided by 5?
1
Suppose 3*m = 2*g + 313, -57*g + 54*g = 5*m - 509. Calculate the remainder when m is divided by 29.
16
Suppose -2*s - 5*p + 96 = 0, s + 2*s + p = 170. Calculate the remainder when s is divided by 16.
10
Suppose -15 + 57 = -i - 4*l, 0 = -4*i + 2*l - 258. Suppose -m = -5*m - 164. Let c = m - i. What is the remainder when 62 is divided by c?
20
Let y(f) = -8*f - 270. Calculate the remainder when y(-35) is divided by 6.
4
Let x(n) = -n**3 - 26*n**2 - 2*n - 30. Suppose -3*f + 198 + 126 = 0. Calculate the remainder when f is divided by x(-26).
20
Suppose 0 = 9*h - 401 - 274. What is the remainder when 523 is divided by h?
73
Suppose -6*y + 1728 = 26*y. Let u(z) = 6*z - 7. Calculate the remainder when y is divided by u(6).
25
Let k be (5/(-10) + -1)/(1/(-110)). Suppose 5*f - k = 245. What is the remainder when f is divided by 12?
10
Suppose 5*c + 502 = j - 21, -3*c + 3*j - 309 = 0. Let l = 108 + c. Suppose 6 = -d + 5*b, -2*d + 0*b + 3*b = -9. Calculate the remainder when d is divided by l.
0
Let g(x) = 5*x - 1. Let a(t) = t**3 + 20*t**2 + 8*t - 1. Let l be a(-19). What is the remainder when (1 - (-25)/(-10))*l/(-6) is divided by g(3)?
10
Let z be 14/49 - 1031/7. Let p = 212 + z. Calculate the remainder when p is divided by 17.
14
Let a(g) = -g**2 - 44*g - 457. Calculate the remainder when a(-21) is divided by 16.
10
Suppose 87 = 14*v - 25. What is the remainder when 53 is divided by v?
5
Let v(l) = -3*l + 3*l**2 + 2 + 0*l + l. Let m = 1502 - 1458. What is the remainder when m is divided by v(3)?
21
Let n be ((-10)/(-2) - 3) + 1. Suppose t = n*t - 132. Suppose 25 + t = 7*a. What is the remainder when 38 is divided by a?
12
Suppose -5*m = -m. Suppose -3*l - 2*l = m. Suppose 2*q = -0*a - 3*a + 106, l = -a + 2*q + 30. What is the remainder when a is divided by 9?
7
Let k = -51 - -121. Let c be (-3)/12*-14*-8. Let z = c + k. Calculate the remainder when z is divided by 22.
20
Let v = -43 - -20. Let c = 27 + v. Calculate the remainder when 18 is divided by c.
2
Let r(f) = -19*f**2 - 11*f - 11. Let s be r(-1). Let c(p) = -3*p**2 - 11*p - 9*p + 2*p**2 - 4. What is the remainder when 42 is divided by c(s)?
12
Let l(b) = -4*b + 39. Let t be l(4). Suppose -3*o - 5 = -2, -2*y = 3*o - t. What is the remainder when 72 is divided by y?
7
Suppose 17 = 4*q + h, 41*h = -2*q + 36*h + 13. Calculate the remainder when 75 is divided by q.
3
Let r(w) = 12*w + 103. What is the remainder when 1485 is divided by r(-6)?
28
Suppose 3*x + 0*x - 61 = -j, 3*x = -4*j + 64. Suppose -3*c + 19 = -o, -7*c + 4*o + x = -3*c. Calculate the remainder when 12 is divided by c.
5
Suppose 5*z - 978 - 3062 = 0. Calculate the remainder when z is divided by 45.
43
Let s(j) = 2*j + 139. Suppose -2*w + 10